{"id":35,"date":"2018-01-13T19:46:29","date_gmt":"2018-01-13T19:46:29","guid":{"rendered":"http:\/\/utw-grodzisk.pl\/?page_id=35"},"modified":"2020-10-02T20:35:34","modified_gmt":"2020-10-02T20:35:34","slug":"ponad-320-wykladow","status":"publish","type":"page","link":"http:\/\/utw-grodzisk.pl\/?page_id=35","title":{"rendered":"Blisko 500 wyk\u0142ad\u00f3w"},"content":{"rendered":"<p>Na przestrzeni niemal 15 lat za katedr\u0105 naszego UTW stawali\u00a0przedstawiciele r\u00f3\u017cnych \u015brodowisk \u2013 akademickich, rz\u0105dowych,\u00a0samorz\u0105dowych, w\u0142adzy s\u0105downiczej.\u00a0W gronie ponad 450 prelegent\u00f3w nie zabrak\u0142o\u00a0dyplomat\u00f3w, dziennikarzy, artyst\u00f3w, reprezentant\u00f3w\u00a0organizacji pozarz\u0105dowych i r\u00f3\u017cnych wyzna\u0144. Wiedza\u00a0tych wspania\u0142ych wyk\u0142adowc\u00f3w pozwoli\u0142a zrozumie\u0107\u00a0studentom wiele intryguj\u0105cych ich problem\u00f3w, jak\u00a0r\u00f3wnie\u017c u\u015bwiadomi\u0107 sobie, \u017ce w ka\u017cdym wieku mo\u017cemy\u00a0si\u0119 uczy\u0107 i zdobywa\u0107 cenn\u0105 wiedz\u0119. Wyk\u0142adowcami\u00a0grodziskiego UTW byli m.in.:<\/p>\n<ul>\n<li>Dr Bartosz Ar\u0142ukowicz \u2013 minister zdrowia<\/li>\n<li>mgr in\u017c. Grzegorz Benedykci\u0144ski \u2013 Burmistrz Grodziska Mazowieckiego<\/li>\n<li>Anna B\u0142a\u017cejczyk \u2013 S\u0119dzia S\u0105du Okr\u0119gowego w Warszawie<\/li>\n<li>Andrzej Bocianowski \u2013 in\u017c. pilot<\/li>\n<li>dr Adam Bodnar &#8211; Rzecznik Praw Obywatelskich<\/li>\n<li>Ernest Bryll \u2013 poeta, pisarz, dyplomata<\/li>\n<li>Prof. Norman Davies \u2013 Uniwersytet Londy\u0144ski<\/li>\n<li>Prof. dr hab. Pawe\u0142 Dobrowolski &#8211; dyplomata, ambasador, by\u0142y rzecznik Ministerstwa Spraw Zagranicznych<\/li>\n<li>Prof. dr hab. Jolanta Itrich-Drabarek \u2013 Instytut Nauk Politycznych Uniwersytetu Warszawskiego<\/li>\n<li>Dr n. med. Micha\u0142 Dwornik \u2013 Dziekan Wydzia\u0142 Medycyny Osteopatycznej i Wydzia\u0142u Fizjoterapii Wy\u017cszej Szko\u0142y Medycznej w Podkowie Le\u015bnej<\/li>\n<li>Akos Engelmayer \u2013 by\u0142y Ambasador Republiki W\u0119gierskiej w Polsce<\/li>\n<li>Prof. dr hab. Magdalena Fikus \u2013 genetyk<\/li>\n<li>Prof. dr hab. Danuta H\u00fcbner \u2013 pierwszy polski komisarz w Unii Europejskiej<\/li>\n<li>mgr Adam Jarczy\u0144ski \u2013 dyrektor generalny Polskiej Akademii Public Relations<\/li>\n<li>(+) Bogus\u0142aw Kaczy\u0144ski \u2013 krytyk muzyczny, pisarz<\/li>\n<li>Dr n. med. Halina Klepacka \u2013 kardiolog,<\/li>\n<li>dyr. Szpitala Specjalistycznego w Lublinie<\/li>\n<li>Prof. dr hab. Irena Kotowska \u2013 kierownik Zak\u0142adu Demografii w Instytucie Statystyki i Demografii Szko\u0142y G\u0142\u00f3wnej Handlowej w Warszawie<\/li>\n<li>Mgr Ewa Zawadzka-Kowalska \u2013 historyk sztuki, wyk\u0142adowca akademicki<\/li>\n<li>Prof. dr hab. Ireneusz Krzemi\u0144ski \u2013 Uniwersytet Warszawski<\/li>\n<li>Grzegorz \u0141ubczyk \u2013 by\u0142y ambasador RP na W\u0119grzech<\/li>\n<li>\u00a0dr hab. Rados\u0142aw Markowski &#8211;\u00a0<span lang=\"PL\">Dyrektor Centrum Studi\u00f3w nad Demokracj\u0105 Uniwersytetu SWPS<\/span><\/li>\n<li>(+) Prof. dr hab. Krzysztof Micha\u0142ek \u2013 amerykanista, Uniwersytet Warszawski i Akademia Humanistyczna<\/li>\n<li>Prof. dr hab. Stanis\u0142aw Mocek \u2013 prorektor Collegium Civitas<\/li>\n<li>Dr Andrzej Modzelewski \u2013 dziekan ALMAMER Wy\u017cszej Szko\u0142y Ekonomicznej<\/li>\n<li>Prof. dr hab. Anna Nasi\u0142owska \u2013 pisarka, poetka, prezes Stowarzyszenia Pisarzy Polskich<\/li>\n<li>Mgr Wanda Nowicka \u2013 wicemarsza\u0142kini Sejmu RP i pos\u0142anka<\/li>\n<li>Redaktor Micha\u0142 Olsza\u0144ski \u2013 dziennikarz radiowy i telewizyjny<\/li>\n<li>Daniel Passent \u2013 dziennikarz i dyplomata, felietonista tygodnika \u201ePolityka\u201d<\/li>\n<li>Dr Katarzyna Pisarska \u2013 dyr. Europejskiej Akademii Dyplomacji, SGH<\/li>\n<li>Dr hab. prof. nadzw. Zdzis\u0142aw Ples \u2013 Rektor Podkowia\u0144skiej Wy\u017cszej Szko\u0142y Medycznej<\/li>\n<li>(+) Prof. dr hab. Jerzy Regulski \u2013 senator, doradca Prezydenta RP<\/li>\n<li>Jacek Rostowski \u2013 wicepremier, minister finans\u00f3w<\/li>\n<li>Prof. dr hab. Andrzej Rottermind, by\u0142y dyrektor Zamku Kr\u00f3lewskiego w Warszawie<\/li>\n<li>Prof. dr hab. Tadeusz Rze\u017cuchowski \u2013 Politechnika Warszawska<\/li>\n<li>(+) Wojciech Siemion \u2013 aktor i poeta<\/li>\n<li>Prof. dr hab. Pawe\u0142 St\u0119pie\u0144 \u2013 literaturoznawca<\/li>\n<li>(+) Mgr Artur Surowiec \u2013 wyk\u0142adowca akademicki, przewodnik po Polsce<\/li>\n<li>Krzysztof \u015aliwi\u0144ski \u2013 by\u0142y ambasador RP w Maroku i Republice Po\u0142udniowej Afryki<\/li>\n<li>Prof. dr hab. Irena Szybiak \u2013 prorektor Akademii Humanistycznej im. Aleksandra Gieysztora<\/li>\n<li>Dr hab. prof. SGH Piotr Wachowiak \u2013 Prodziekan Kolegium Zarz\u0105dzania i Finans\u00f3w SGH<\/li>\n<li>Mgr in\u017c. Marek Wie\u017cbicki \u2013 starosta Powiatu Grodziskiego<\/li>\n<li>Prof. UW dr hab. Jacek Wojnicki \u2013 Instytut Europeistyki UW,<\/li>\n<li>Prof. dr hab. Konstanty Adam Wojtaszczyk \u2013 kierownik Katedry Europeistyki, w latach 2005-2008 prorektor Uniwersytetu Warszawskiego<\/li>\n<\/ul>\n","protected":false},"excerpt":{"rendered":"<p>Na przestrzeni niemal 15 lat za katedr\u0105 naszego UTW stawali\u00a0przedstawiciele r\u00f3\u017cnych \u015brodowisk \u2013 akademickich, rz\u0105dowych,\u00a0samorz\u0105dowych, w\u0142adzy s\u0105downiczej.\u00a0W gronie ponad 450 prelegent\u00f3w nie zabrak\u0142o\u00a0dyplomat\u00f3w, dziennikarzy, artyst\u00f3w, reprezentant\u00f3w\u00a0organizacji pozarz\u0105dowych i r\u00f3\u017cnych wyzna\u0144. Wiedza\u00a0tych wspania\u0142ych wyk\u0142adowc\u00f3w pozwoli\u0142a zrozumie\u0107\u00a0studentom wiele intryguj\u0105cych ich problem\u00f3w, jak\u00a0r\u00f3wnie\u017c u\u015bwiadomi\u0107 sobie, \u017ce w ka\u017cdym wieku mo\u017cemy\u00a0si\u0119 uczy\u0107 i zdobywa\u0107 cenn\u0105 wiedz\u0119. Wyk\u0142adowcami\u00a0grodziskiego UTW byli [&hellip;]<\/p>\n","protected":false},"author":1,"featured_media":146,"parent":0,"menu_order":0,"comment_status":"closed","ping_status":"closed","template":"","meta":{"footnotes":""},"class_list":["post-35","page","type-page","status-publish","has-post-thumbnail","hentry"],"_links":{"self":[{"href":"http:\/\/utw-grodzisk.pl\/index.php?rest_route=\/wp\/v2\/pages\/35","targetHints":{"allow":["GET"]}}],"collection":[{"href":"http:\/\/utw-grodzisk.pl\/index.php?rest_route=\/wp\/v2\/pages"}],"about":[{"href":"http:\/\/utw-grodzisk.pl\/index.php?rest_route=\/wp\/v2\/types\/page"}],"author":[{"embeddable":true,"href":"http:\/\/utw-grodzisk.pl\/index.php?rest_route=\/wp\/v2\/users\/1"}],"replies":[{"embeddable":true,"href":"http:\/\/utw-grodzisk.pl\/index.php?rest_route=%2Fwp%2Fv2%2Fcomments&post=35"}],"version-history":[{"count":6,"href":"http:\/\/utw-grodzisk.pl\/index.php?rest_route=\/wp\/v2\/pages\/35\/revisions"}],"predecessor-version":[{"id":365,"href":"http:\/\/utw-grodzisk.pl\/index.php?rest_route=\/wp\/v2\/pages\/35\/revisions\/365"}],"wp:featuredmedia":[{"embeddable":true,"href":"http:\/\/utw-grodzisk.pl\/index.php?rest_route=\/wp\/v2\/media\/146"}],"wp:attachment":[{"href":"http:\/\/utw-grodzisk.pl\/index.php?rest_route=%2Fwp%2Fv2%2Fmedia&parent=35"}],"curies":[{"name":"wp","href":"https:\/\/api.w.org\/{rel}","templated":true}]}}